{"id":6,"date":"2020-05-25T09:00:16","date_gmt":"2020-05-25T09:00:16","guid":{"rendered":"https:\/\/themes.muffingroup.com\/be\/ai_el\/?page_id=6"},"modified":"2023-04-10T08:59:56","modified_gmt":"2023-04-10T08:59:56","slug":"home","status":"publish","type":"page","link":"https:\/\/www.eulet.es\/","title":{"rendered":"Home"},"content":{"rendered":"<p><img loading=\"lazy\" decoding=\"async\" width=\"1024\" height=\"755\" src=\"https:\/\/www.eulet.es\/wp-content\/uploads\/2021\/04\/home_ticksy_sunmi_t2@2x-1280x944-1-1024x755.png\" alt=\"\" loading=\"lazy\" srcset=\"https:\/\/www.eulet.es\/wp-content\/uploads\/2021\/04\/home_ticksy_sunmi_t2@2x-1280x944-1-1024x755.png 1024w, https:\/\/www.eulet.es\/wp-content\/uploads\/2021\/04\/home_ticksy_sunmi_t2@2x-1280x944-1-300x221.png 300w, https:\/\/www.eulet.es\/wp-content\/uploads\/2021\/04\/home_ticksy_sunmi_t2@2x-1280x944-1-768x566.png 768w, https:\/\/www.eulet.es\/wp-content\/uploads\/2021\/04\/home_ticksy_sunmi_t2@2x-1280x944-1-198x146.png 198w, https:\/\/www.eulet.es\/wp-content\/uploads\/2021\/04\/home_ticksy_sunmi_t2@2x-1280x944-1-50x37.png 50w, https:\/\/www.eulet.es\/wp-content\/uploads\/2021\/04\/home_ticksy_sunmi_t2@2x-1280x944-1-102x75.png 102w, https:\/\/www.eulet.es\/wp-content\/uploads\/2021\/04\/home_ticksy_sunmi_t2@2x-1280x944-1.png 1280w\" sizes=\"auto, (max-width: 1024px) 100vw, 1024px\" \/>\t\t\t\t\t\t\t\t\t\t\t\t\t\t\t<\/p>\n<h6>TPV ANDROID<\/h6>\n<h3>Un TPV para todo<\/h3>\n<p>Tanto si tu negocio es tradicional, como si realizas reparto a domicilio, necesitas estar conectado a las distintas plataformas del mercado, as\u00ed como explotar tu propio canal de ventas. Ticksy te brinda una soluci\u00f3n global y con anal\u00edtica precisa del estado de tu comercio.<\/p>\n<p>\t\t\t<a href=\"https:\/\/www.eulet.es\/servicios\/\" role=\"button\"><br \/>\n\t\t\t\t\t\tDescubre nuestros servicios<br \/>\n\t\t\t\t\t<\/a><\/p>\n<h6 style=\"color: #ff543d;\">SERVICIOS<\/h6>\n<h3 style=\"color: #ff543d;\">Abarcamos una amplia gama<br \/>de servicios y soluciones<\/h3>\n<p>\t\t\t\t\t\t\t\t\t\t\t\t\t\t\t<img loading=\"lazy\" decoding=\"async\" width=\"90\" height=\"93\" src=\"https:\/\/www.eulet.es\/wp-content\/uploads\/2020\/05\/ai-home-icon1.png\" alt=\"\" loading=\"lazy\" srcset=\"https:\/\/www.eulet.es\/wp-content\/uploads\/2020\/05\/ai-home-icon1.png 90w, https:\/\/www.eulet.es\/wp-content\/uploads\/2020\/05\/ai-home-icon1-48x50.png 48w, https:\/\/www.eulet.es\/wp-content\/uploads\/2020\/05\/ai-home-icon1-73x75.png 73w\" sizes=\"auto, (max-width: 90px) 100vw, 90px\" \/>\t\t\t\t\t\t\t\t\t\t\t\t\t\t\t<\/p>\n<h5>Soporte especializado<br \/>Asesoramiento<\/h5>\n<p>Lorem ipsum dolor sit amet, consectetur adipisicing elit, sed do eiusmod tempor incididunt ut labore et dolore.<\/p>\n<p>\t\t\t\t\t\t\t\t\t\t\t\t\t\t\t<img loading=\"lazy\" decoding=\"async\" width=\"90\" height=\"93\" src=\"https:\/\/www.eulet.es\/wp-content\/uploads\/2020\/05\/ai-home-icon2.png\" alt=\"\" loading=\"lazy\" srcset=\"https:\/\/www.eulet.es\/wp-content\/uploads\/2020\/05\/ai-home-icon2.png 90w, https:\/\/www.eulet.es\/wp-content\/uploads\/2020\/05\/ai-home-icon2-48x50.png 48w, https:\/\/www.eulet.es\/wp-content\/uploads\/2020\/05\/ai-home-icon2-73x75.png 73w\" sizes=\"auto, (max-width: 90px) 100vw, 90px\" \/>\t\t\t\t\t\t\t\t\t\t\t\t\t\t\t<\/p>\n<h5>Soluciones VOIP<br \/>adaptadas a tu negocio<\/h5>\n<p>Lorem ipsum dolor sit amet, consectetur adipisicing elit, sed do eiusmod tempor incididunt ut labore et dolore.<\/p>\n<p>\t\t\t\t\t\t\t\t\t\t\t\t\t\t\t<img loading=\"lazy\" decoding=\"async\" width=\"90\" height=\"93\" src=\"https:\/\/www.eulet.es\/wp-content\/uploads\/2020\/05\/ai-home-icon3.png\" alt=\"\" loading=\"lazy\" srcset=\"https:\/\/www.eulet.es\/wp-content\/uploads\/2020\/05\/ai-home-icon3.png 90w, https:\/\/www.eulet.es\/wp-content\/uploads\/2020\/05\/ai-home-icon3-48x50.png 48w, https:\/\/www.eulet.es\/wp-content\/uploads\/2020\/05\/ai-home-icon3-73x75.png 73w\" sizes=\"auto, (max-width: 90px) 100vw, 90px\" \/>\t\t\t\t\t\t\t\t\t\t\t\t\t\t\t<\/p>\n<h5>Seguridad CCTV<br \/>conectado a central<\/h5>\n<p>Lorem ipsum dolor sit amet, consectetur adipisicing elit, sed do eiusmod tempor incididunt ut labore et dolore.<\/p>\n<h5>Hacemos mucho m\u00e1s que esto<\/h5>\n<p>\t\t\t<a href=\"https:\/\/www.eulet.es\/servicios\/\" role=\"button\"><br \/>\n\t\t\t\t\t\tDescubre todos nuestros servicios<br \/>\n\t\t\t\t\t<\/a><br \/>\n\t\t\t\t\t\t\t\t\t\t\t\t\t\t\t<img loading=\"lazy\" decoding=\"async\" width=\"245\" height=\"33\" src=\"https:\/\/www.eulet.es\/wp-content\/uploads\/2020\/05\/ai-home-icon4.png\" alt=\"\" loading=\"lazy\" srcset=\"https:\/\/www.eulet.es\/wp-content\/uploads\/2020\/05\/ai-home-icon4.png 245w, https:\/\/www.eulet.es\/wp-content\/uploads\/2020\/05\/ai-home-icon4-50x7.png 50w, https:\/\/www.eulet.es\/wp-content\/uploads\/2020\/05\/ai-home-icon4-150x20.png 150w\" sizes=\"auto, (max-width: 245px) 100vw, 245px\" \/>\t\t\t\t\t\t\t\t\t\t\t\t\t\t\t<\/p>\n<h6>BLOG<\/h6>\n<h3>Inf\u00f3rmese de nuestras \u00faltimas novedades<\/h3>\n<p>\t\t\t27 de mayo de 2020<img loading=\"lazy\" decoding=\"async\" width=\"1200\" height=\"960\" src=\"https:\/\/www.eulet.es\/wp-content\/uploads\/2020\/05\/ai-blog-single-1.jpg\" alt=\"\" loading=\"lazy\" itemprop=\"image\" srcset=\"https:\/\/www.eulet.es\/wp-content\/uploads\/2020\/05\/ai-blog-single-1.jpg 1200w, https:\/\/www.eulet.es\/wp-content\/uploads\/2020\/05\/ai-blog-single-1-300x240.jpg 300w, https:\/\/www.eulet.es\/wp-content\/uploads\/2020\/05\/ai-blog-single-1-1024x819.jpg 1024w, https:\/\/www.eulet.es\/wp-content\/uploads\/2020\/05\/ai-blog-single-1-768x614.jpg 768w, https:\/\/www.eulet.es\/wp-content\/uploads\/2020\/05\/ai-blog-single-1-183x146.jpg 183w, https:\/\/www.eulet.es\/wp-content\/uploads\/2020\/05\/ai-blog-single-1-50x40.jpg 50w, https:\/\/www.eulet.es\/wp-content\/uploads\/2020\/05\/ai-blog-single-1-94x75.jpg 94w\" sizes=\"auto, (max-width: 1200px) 100vw, 1200px\" \/><\/p>\n<h5 itemprop=\"headline\"><a href=\"https:\/\/www.eulet.es\/index.php\/2020\/05\/27\/lorem-ipsum-dolor\/\">Lorem ipsum dolor<\/a><\/h5>\n<p>QuantumPoster via monter pert Lorem ipsum quantumomni posterati Lorem ipsum dolor sit amet CONSEPTO onsectetur adipisicing elit, sed do eiusmod tempor incididunt ut labore et dolore [\u2026]28 de mayo de 2020<img loading=\"lazy\" decoding=\"async\" width=\"1200\" height=\"1400\" src=\"https:\/\/www.eulet.es\/wp-content\/uploads\/2020\/05\/ai-blog-single-2.jpg\" alt=\"\" loading=\"lazy\" itemprop=\"image\" srcset=\"https:\/\/www.eulet.es\/wp-content\/uploads\/2020\/05\/ai-blog-single-2.jpg 1200w, https:\/\/www.eulet.es\/wp-content\/uploads\/2020\/05\/ai-blog-single-2-257x300.jpg 257w, https:\/\/www.eulet.es\/wp-content\/uploads\/2020\/05\/ai-blog-single-2-878x1024.jpg 878w, https:\/\/www.eulet.es\/wp-content\/uploads\/2020\/05\/ai-blog-single-2-768x896.jpg 768w, https:\/\/www.eulet.es\/wp-content\/uploads\/2020\/05\/ai-blog-single-2-125x146.jpg 125w, https:\/\/www.eulet.es\/wp-content\/uploads\/2020\/05\/ai-blog-single-2-43x50.jpg 43w, https:\/\/www.eulet.es\/wp-content\/uploads\/2020\/05\/ai-blog-single-2-64x75.jpg 64w\" sizes=\"auto, (max-width: 1200px) 100vw, 1200px\" \/><\/p>\n<h5 itemprop=\"headline\"><a href=\"https:\/\/www.eulet.es\/index.php\/2020\/05\/28\/quantum-pert-via-mito\/\">Quantum pert via mito<\/a><\/h5>\n<p>QuantumPoster via monter pert Lorem ipsum quantumomni posterati Lorem ipsum dolor sit amet CONSEPTO onsectetur adipisicing elit, sed do eiusmod tempor incididunt ut labore et dolore [\u2026]28 de mayo de 2020<\/p>\n<h5 itemprop=\"headline\"><a href=\"https:\/\/www.eulet.es\/index.php\/2020\/05\/28\/pest-vor-pertro-virae-ascentumviro\/\">Pest vor pertro virae Ascentumviro<\/a><\/h5>\n<p>Quantum Poster via monter pert Lorem ipsum quantum omni posterati Lorem ipsum dolor sit amet CONSEPTO onsectetur adipisicing elit, sed do eiusmod tempor incididunt ut labore [\u2026]28 de mayo de 2020<img loading=\"lazy\" decoding=\"async\" width=\"1200\" height=\"1200\" src=\"https:\/\/www.eulet.es\/wp-content\/uploads\/2020\/05\/ai-blog-single-3.jpg\" alt=\"\" loading=\"lazy\" itemprop=\"image\" srcset=\"https:\/\/www.eulet.es\/wp-content\/uploads\/2020\/05\/ai-blog-single-3.jpg 1200w, https:\/\/www.eulet.es\/wp-content\/uploads\/2020\/05\/ai-blog-single-3-300x300.jpg 300w, https:\/\/www.eulet.es\/wp-content\/uploads\/2020\/05\/ai-blog-single-3-1024x1024.jpg 1024w, https:\/\/www.eulet.es\/wp-content\/uploads\/2020\/05\/ai-blog-single-3-150x150.jpg 150w, https:\/\/www.eulet.es\/wp-content\/uploads\/2020\/05\/ai-blog-single-3-768x768.jpg 768w, https:\/\/www.eulet.es\/wp-content\/uploads\/2020\/05\/ai-blog-single-3-146x146.jpg 146w, https:\/\/www.eulet.es\/wp-content\/uploads\/2020\/05\/ai-blog-single-3-50x50.jpg 50w, https:\/\/www.eulet.es\/wp-content\/uploads\/2020\/05\/ai-blog-single-3-75x75.jpg 75w, https:\/\/www.eulet.es\/wp-content\/uploads\/2020\/05\/ai-blog-single-3-85x85.jpg 85w, https:\/\/www.eulet.es\/wp-content\/uploads\/2020\/05\/ai-blog-single-3-80x80.jpg 80w\" sizes=\"auto, (max-width: 1200px) 100vw, 1200px\" \/><\/p>\n<h5 itemprop=\"headline\"><a href=\"https:\/\/www.eulet.es\/index.php\/2020\/05\/28\/mauris-rhoncus-magna\/\">Mauris rhoncus magna<\/a><\/h5>\n<p>Quantum Poster via monter pert Lorem ipsum quantum omni posterati Lorem ipsum dolor sit amet CONSEPTO onsectetur adipisicing elit, sed do eiusmod tempor incididunt ut labore [\u2026]28 de mayo de 2020<img loading=\"lazy\" decoding=\"async\" width=\"1200\" height=\"960\" src=\"https:\/\/www.eulet.es\/wp-content\/uploads\/2020\/05\/ai-blog-single-4.jpg\" alt=\"\" loading=\"lazy\" itemprop=\"image\" srcset=\"https:\/\/www.eulet.es\/wp-content\/uploads\/2020\/05\/ai-blog-single-4.jpg 1200w, https:\/\/www.eulet.es\/wp-content\/uploads\/2020\/05\/ai-blog-single-4-300x240.jpg 300w, https:\/\/www.eulet.es\/wp-content\/uploads\/2020\/05\/ai-blog-single-4-1024x819.jpg 1024w, https:\/\/www.eulet.es\/wp-content\/uploads\/2020\/05\/ai-blog-single-4-768x614.jpg 768w, https:\/\/www.eulet.es\/wp-content\/uploads\/2020\/05\/ai-blog-single-4-183x146.jpg 183w, https:\/\/www.eulet.es\/wp-content\/uploads\/2020\/05\/ai-blog-single-4-50x40.jpg 50w, https:\/\/www.eulet.es\/wp-content\/uploads\/2020\/05\/ai-blog-single-4-94x75.jpg 94w\" sizes=\"auto, (max-width: 1200px) 100vw, 1200px\" \/><\/p>\n<h5 itemprop=\"headline\"><a href=\"https:\/\/www.eulet.es\/index.php\/2020\/05\/28\/suspendisse-molestie-nisi\/\">Mauris id ex sed neque<\/a><\/h5>\n<p>Quantum Poster via monter pert Lorem ipsum quantum omni posterati Lorem ipsum dolor sit amet CONSEPTO onsectetur adipisicing elit, sed do eiusmod tempor incididunt ut labore [\u2026]28 de mayo de 2020<img loading=\"lazy\" decoding=\"async\" width=\"1200\" height=\"1400\" src=\"https:\/\/www.eulet.es\/wp-content\/uploads\/2020\/05\/ai-blog-single-5.jpg\" alt=\"\" loading=\"lazy\" itemprop=\"image\" srcset=\"https:\/\/www.eulet.es\/wp-content\/uploads\/2020\/05\/ai-blog-single-5.jpg 1200w, https:\/\/www.eulet.es\/wp-content\/uploads\/2020\/05\/ai-blog-single-5-257x300.jpg 257w, https:\/\/www.eulet.es\/wp-content\/uploads\/2020\/05\/ai-blog-single-5-878x1024.jpg 878w, https:\/\/www.eulet.es\/wp-content\/uploads\/2020\/05\/ai-blog-single-5-768x896.jpg 768w, https:\/\/www.eulet.es\/wp-content\/uploads\/2020\/05\/ai-blog-single-5-125x146.jpg 125w, https:\/\/www.eulet.es\/wp-content\/uploads\/2020\/05\/ai-blog-single-5-43x50.jpg 43w, https:\/\/www.eulet.es\/wp-content\/uploads\/2020\/05\/ai-blog-single-5-64x75.jpg 64w\" sizes=\"auto, (max-width: 1200px) 100vw, 1200px\" \/><\/p>\n<h5 itemprop=\"headline\"><a href=\"https:\/\/www.eulet.es\/index.php\/2020\/05\/28\/proin-quis-lorem-in\/\">Proin quis lorem in<\/a><\/h5>\n<p>Quantum Poster via monter pert Lorem ipsum quantum omni posterati Lorem ipsum dolor sit amet CONSEPTO onsectetur adipisicing elit, sed do eiusmod tempor incididunt ut labore [\u2026]<\/p>\n<h5>Lorem ipsum mit samet vita postre navige<\/h5>\n<p>\t\t\t<a href=\"https:\/\/www.eulet.es\/tech-news\/\" role=\"button\"><br \/>\n\t\t\t\t\t\tSee more articles<br \/>\n\t\t\t\t\t<\/a><\/p>\n<figure><img decoding=\"async\" src=\"https:\/\/www.eulet.es\/wp-content\/uploads\/2020\/05\/ai-home-logo-5.png\" alt=\"ai-home-logo-5\" \/><\/figure>\n<figure><img decoding=\"async\" src=\"https:\/\/www.eulet.es\/wp-content\/uploads\/2020\/05\/ai-home-logo-4.png\" alt=\"ai-home-logo-4\" \/><\/figure>\n<figure><img decoding=\"async\" src=\"https:\/\/www.eulet.es\/wp-content\/uploads\/2020\/05\/ai-home-logo-3.png\" alt=\"ai-home-logo-3\" \/><\/figure>\n<figure><img decoding=\"async\" src=\"https:\/\/www.eulet.es\/wp-content\/uploads\/2020\/05\/ai-home-logo-2.png\" alt=\"ai-home-logo-2\" \/><\/figure>\n<figure><img decoding=\"async\" src=\"https:\/\/www.eulet.es\/wp-content\/uploads\/2020\/05\/ai-home-logo-1.png\" alt=\"ai-home-logo-1\" \/><\/figure>\n","protected":false},"excerpt":{"rendered":"<p>TPV ANDROID Un TPV para todo Tanto si tu negocio es tradicional, como si realizas reparto a domicilio, necesitas estar conectado a las distintas plataformas del<span class=\"excerpt-hellip\"> [\u2026]<\/span><\/p>\n","protected":false},"author":2,"featured_media":0,"parent":0,"menu_order":0,"comment_status":"closed","ping_status":"closed","template":"","meta":{"footnotes":""},"class_list":["post-6","page","type-page","status-publish","hentry"],"_links":{"self":[{"href":"https:\/\/www.eulet.es\/index.php\/wp-json\/wp\/v2\/pages\/6","targetHints":{"allow":["GET"]}}],"collection":[{"href":"https:\/\/www.eulet.es\/index.php\/wp-json\/wp\/v2\/pages"}],"about":[{"href":"https:\/\/www.eulet.es\/index.php\/wp-json\/wp\/v2\/types\/page"}],"author":[{"embeddable":true,"href":"https:\/\/www.eulet.es\/index.php\/wp-json\/wp\/v2\/users\/2"}],"replies":[{"embeddable":true,"href":"https:\/\/www.eulet.es\/index.php\/wp-json\/wp\/v2\/comments?post=6"}],"version-history":[{"count":21,"href":"https:\/\/www.eulet.es\/index.php\/wp-json\/wp\/v2\/pages\/6\/revisions"}],"predecessor-version":[{"id":308,"href":"https:\/\/www.eulet.es\/index.php\/wp-json\/wp\/v2\/pages\/6\/revisions\/308"}],"wp:attachment":[{"href":"https:\/\/www.eulet.es\/index.php\/wp-json\/wp\/v2\/media?parent=6"}],"curies":[{"name":"wp","href":"https:\/\/api.w.org\/{rel}","templated":true}]}}